421 and 969.
323
Calculate the greatest common divisor of 3025 and 2827165.
605
What is the greatest common divisor of 1964 and 40550217?
491
What is the highest common factor of 1197165 and 45?
15
What is the highest common divisor of 96064785 and 4050?
405
Calculate the greatest common divisor of 62266527 and 1572.
393
Calculate the highest common divisor of 5550490 and 385.
55
What is the highest common factor of 386871 and 161508?
129
What is the greatest common divisor of 12113 and 205?
1
What is the highest common factor of 2195 and 220470190?
2195
Calculate the greatest common factor of 95832 and 165582.
18
What is the greatest common factor of 1113 and 11359635?
21
Calculate the greatest common divisor of 374 and 169886838.
22
What is the greatest common divisor of 5678 and 736359947?
2839
Calculate the highest common divisor of 1947690 and 2221385.
6365
Calculate the highest common factor of 23245455 and 25935.
285
Calculate the greatest common divisor of 54827900 and 23565.
7855
Calculate the highest common factor of 29306308 and 902.
82
What is the greatest common divisor of 213448177 and 4751?
4751
What is the highest common divisor of 6466175 and 15960?
95
Calculate the greatest common divisor of 143 and 6550379.
11
Calculate the highest common factor of 146172548 and 1216.
76
Calculate the highest common divisor of 532714 and 59.
1
Calculate the greatest common factor of 78 and 148415046.
78
Calculate the greatest common factor of 3745 and 1248155.
535
Calculate the highest common divisor of 5461607 and 7733.
703
Calculate the highest common factor of 89653270 and 70.
70
Calculate the highest common factor of 66553815 and 237609.
4659
What is the highest common divisor of 18 and 1515864258?
18
What is the greatest common divisor of 675008 and 161968?
848
What is the greatest common factor of 1215996 and 26952?
12
Calculate the greatest common divisor of 5741207 and 47585.
307
What is the highest common divisor of 303298 and 244918?
278
What is the highest common divisor of 5464362 and 21546?
114
Calculate the greatest common factor of 20930 and 46414.
46
Calculate the greatest common divisor of 1220406005 and 871.
871
Calculate the greatest common divisor of 42363 and 116438628.
1569
What is the highest common divisor of 35 and 589085?
35
What is the greatest common divisor of 3419013 and 312?
39
What is the highest common factor of 968835 and 1785?
105
What is the highest common factor of 33034 and 680978?
398
Calculate the highest common divisor of 2287225 and 450.
25
What is the greatest common factor of 275 and 2640473?
11
What is the greatest common factor of 33 and 6511406?
11
Calculate the greatest common divisor of 1628 and 15286772.
148
What is the greatest common divisor of 450013 and 17951?
619
What is the highest common factor of 784 and 9159164?
28
What is the greatest common factor of 5546 and 45637?
47
What is the greatest common divisor of 651412 and 22?
2
Calculate the highest common factor of 5319 and 429705.
27
Calculate the greatest common factor of 91 and 64755626.
13
What is the greatest common factor of 4200 and 8532300?
2100
What is the highest common divisor of 183175 and 887740?
85
Calculate the highest common divisor of 105094806 and 2370.
474
Calculate the highest common factor of 2646854 and 14.
14
Calculate the greatest common factor of 17 and 29322807.
17
What is the greatest common divisor of 110084 and 24286224?
8468
Calculate the highest common factor of 810 and 2740816440.
810
Calculate the highest common factor of 5892 and 280081621.
491
Calculate the highest common divisor of 1031144387 and 98.
49
Calculate the highest common divisor of 1725 and 171772625.
575
Calculate the highest common divisor of 5555855 and 2445.
815
Calculate the greatest common divisor of 5343853 and 141.
47
Calculate the highest common factor of 51350 and 4044300.
650
Calculate the greatest common divisor of 1872 and 6918691.
13
What is the highest common divisor of 870 and 20132844?
174
Calculate the highest common factor of 157294 and 283284.
86
Calculate the highest common divisor of 106099 and 12694976.
4613
What is the highest common divisor of 163268004 and 36?
12
What is the greatest common divisor of 127254 and 1266528?
1002
What is the greatest common divisor of 10361624 and 4732?
364
Calculate the greatest common divisor of 690030 and 473.
11
Calculate the highest common divisor of 496270 and 320.
10
What is the highest common divisor of 2320988 and 746261?
401
Calculate the highest common divisor of 220900 and 399265.
235
What is the highest common factor of 2439 and 231462?
9
What is the highest common divisor of 25254 and 295734?
138
Calculate the greatest common factor of 6592 and 6409664.
64
Calculate the greatest common factor of 730915 and 13355.
5
Calculate the greatest common factor of 2497338 and 48204.
1854
What is the greatest common divisor of 81508492 and 52?
52
Calculate the greatest common divisor of 147 and 1768683.
21
Calculate the highest common divisor of 239210 and 1767.
19
What is the highest common factor of 980 and 4993835?
245
Calculate the highest common factor of 242234168 and 9328.
4664
Calculate the highest common factor of 661025865 and 15.
15
Calculate the highest common divisor of 6023549 and 14.
7
Calculate the highest common divisor of 7327441 and 517.
517
Calculate the highest common divisor of 19505745 and 30240.
945
What is the highest common factor of 60090 and 3735?
15
Calculate the greatest common divisor of 48750460 and 3256.
1628
What is the greatest common factor of 5133 and 359236427?
1711
Calculate the greatest common factor of 64 and 5924876.
4
Calculate the greatest common divisor of 10951087 and 76.
19
What is the greatest common factor of 4840 and 918440?
40
Calculate the greatest common divisor of 73992 and 113496.
24
Calculate the greatest common divisor of 13461111 and 4572.
1143
Calculate the highest common divisor of 73809 and 12401163.
1251
What is the highest common factor of 3707 and 281168536?
3707
What is the highest common factor of 102132 and 27?
9
Calculate the highest common divisor of 2035758 and 5640.
282
Calculate the greatest common divisor of 1205 and 30717619.
241
Calculate the greatest common divisor of 550 and 282124480.
110
What is the greatest common factor of 223968 and 20864?
32
Calculate the highest common divisor of 164806 and 2432.
38
Calculate the greatest common factor of 365 and 12005507.
73
Calculate the highest common divisor of 15 and 3679261185.
15
What is the greatest common factor of 6980139 and 1246737?
7941
Calculate the highest common divisor of 9123675 and 495.
165
What is the greatest common factor of 9995946 and 48?
6
What is the greatest common divisor of 1468531 and 2291?
2291
Calculate the highest common factor of 183319176 and 2256.
1128
Calculate the highest common divisor of 24198 and 448440.
222
What is the highest common factor of 49689511 and 388?
97
What is the greatest common divisor of 105 and 66483345?
15
What is the highest common divisor of 418 and 5313578?
38
Calculate the greatest common factor of 294550 and 1849.
43
Calculate the highest common divisor of 666 and 269434.
74
What is the highest common divisor of 909 and 3341989?
101
What is the greatest common divisor of 14511455 and 238?
119
Calculate the greatest common factor of 320 and 391240.
40
Calculate the highest common factor of 40555 and 2390.
5
Calculate the highest common factor of 84 and 4251222.
6
What is the highest common factor of 4396 and 367002572?
628
What is the highest common factor of 2047 and 393736?
89
Calculate the highest common factor of 85 and 873.
1
What is the greatest common divisor of 540 and 79992?
36
Calculate the highest common factor of 155456 and 43456.
448
Calculate the highest common factor of 2 and 1273099.
1
Calculate the greatest common divisor of 23436406 and 196.
98
What is the highest common divisor of 354291471 and 207?
207
Calculate the highest common factor of 69255514 and 1226.
1226
Calculate the highest common divisor of 3072 and 529792.
128
Calculate the highest common factor of 798 and 7967574.
114
Calculate the highest common divisor of 146150 and 1426350.
1850
Calculate the greatest common fa